ided by 5.
3
Suppose 5*k - 735 = -29*g + 26*g, 4*g + 147 = k. Calculate the remainder when k is divided by 76.
71
Let t = 246 + -422. Calculate the remainder when 19 is divided by (3/(-6))/(8/t).
8
Let j = 19729 + -12140. Calculate the remainder when j is divided by 253.
252
Suppose 2*y + 2123 = -5*z + 8*z, 4*z - y = 2834. Suppose 0 = -5*c + 5*a + 1190, -7*c + 4*a + z = -4*c. What is the remainder when c is divided by 41?
38
Suppose 31*w + 187 + 424 = 78*w. Let c be -2*(1 + 1 + -58). Suppose 0 = 2*x - 4*s - c, 3*x + s = 53 + 143. Calculate the remainder when x is divided by w.
12
Calculate the remainder when (1320/(-50))/(3/(-10)) is divided by 3*5 + 0/(-1).
13
Suppose -5*t - 40 + 5 = 0. Suppose -5*q + 2*w = -89, 14*q + 16*w - 21*w - 239 = 0. What is the remainder when (-98)/6*(1 + t) is divided by q?
10
Let d be -34*((-33)/(-6))/11. Let g(y) = -y - 11. Calculate the remainder when (8/(-3))/((-26)/195) is divided by g(d).
2
Suppose 3*n = -3*z + 3, -3 + 5 = -n. Suppose 3*a = 3*y + 408, z*a - 402 = -0*a - 3*y. What is the remainder when a is divided by 17?
16
Let t(w) = 2*w**3 + w**2 - w. Let b be t(1). Suppose -b*j + 9 + 16 = c, 0 = 2*c + 3*j - 47. What is the remainder when 149 is divided by c?
16
Suppose 0 = -211*x + 101*x + 82*x + 4340. What is the remainder when x is divided by 47?
14
Let a(v) = -12*v + 77. Let t be a(6). Let q(n) = 2*n**2 - n - 14. What is the remainder when 180 is divided by q(t)?
25
Suppose 0 = 2*k + 3*k - 55. Suppose 2*y - 22 + 20 = 0. Let b(t) = 40*t**2 + 5*t - 4. Calculate the remainder when b(y) is divided by k.
8
Let f(g) = -8*g - 373. Let s be f(-44). Suppose 185 = 4*k - 111. What is the remainder when k is divided by (147/s)/((-3)/3)?
4
Let n(g) = 52*g - 77. What is the remainder when n(11) is divided by 62?
61
Calculate the remainder when (-32729)/(-230) + (-7)/(-35) + (-6)/(-4) is divided by 43.
15
Let o(l) = 4*l**2 - 23*l - 3*l**2 + 17*l + 6. Let y be o(6). Calculate the remainder when 29 is divided by (-1576)/(-104) + y/(-39).
14
Let x(r) = -r**2 + 7*r - 33. Let w be x(14). Let b = -120 - w. Calculate the remainder when 64 is divided by b.
9
Suppose 3*h + 4*o = 76, 54*o - 58*o = -16. Calculate the remainder when 72 is divided by h.
12
Let d(x) = x**3 - 5*x**2 - x + 2. Suppose 5688 = 19*r + 17*r. What is the remainder when r is divided by d(6)?
30
Let u be 12/((-100)/(-36) + (-4)/(-18)). Suppose 8*o = h + u*o - 267, 2*o + 998 = 4*h. What is the remainder when h is divided by 25?
22
Suppose -14 = 10*d - 8*d. Let x be (-370)/(-2) + d/(14/4). Suppose 0 = -10*n + x + 657. What is the remainder when n is divided by 29?
26
What is the remainder when 187 is divided by (-368)/24*(-1 - 1/2)?
3
Let d = -9110 + 9204. What is the remainder when 938 is divided by d?
92
Suppose 0 = 9*k - 6*k - 15, -3*m + 5*k = -1964. Let x = 748 - m. Calculate the remainder when x is divided by 8.
5
What is the remainder when 14/(-30) + 19/(-57) + (-337470)/(-525) is divided by 25?
17
Let f = -119 - -86. Let z = f + 66. What is the remainder when 426 is divided by z?
30
Let x(v) be the first derivative of 16*v**2 + 13*v - 42. Calculate the remainder when x(3) is divided by 11.
10
Let u be (21*(-35)/30)/(2/4). Let q = u + 92. Calculate the remainder when 383 is divided by q.
39
Suppose -2*o = 5*j - 964, -13*o + 2410 = -8*o + 3*j. Calculate the remainder when o is divided by 56.
34
Suppose 0 = -4*t + 3*t - 2*v + 36, 3*t - 3*v - 117 = 0. Let w(d) = 2*d**2 + d + 64. Calculate the remainder when w(13) is divided by t.
35
Suppose 85*b - 74*b = -l + 599, -4*b = -l - 211. Calculate the remainder when 253 is divided by b.
37
Let n(w) = 1484*w - 8889. Calculate the remainder when 5030 is divided by n(6).
5
Let d be 4132/(-22) - (303/33 + -9). Let h = d + 198. What is the remainder when h is divided by (-1)/(-10)*4*5?
0
Let i = 520 - 25. Let a = 503 - i. What is the remainder when a is divided by 7?
1
Let w = -430 + 432. Suppose w*l - 2910 = -3*v - v, -l = -5*v + 3648. What is the remainder when v is divided by 17?
15
Let l = 17592 - 17314. Calculate the remainder when l is divided by 7.
5
Let x = 300 - 288. Suppose 4*h = -x*h + 8160. What is the remainder when h is divided by 16?
14
Suppose -25773 = -32*z - 105*z + 4230. Calculate the remainder when z is divided by 60.
39
Suppose 42 = 5*l - 3*j, -2*j + 7 = 4*l - 9. Suppose 3*f + 0 = 12. Calculate the remainder when (-4)/l - (-32)/3 is divided by f.
2
Let t(r) = -r + 72. Let m be t(0). Let l be (7/(35/(-650)))/(-6 - -8). Let k = l + m. Calculate the remainder when k is divided by 6.
1
Let a = -109 + 109. Suppose -6*c + 85 + 23 = a. What is the remainder when 57 is divided by c?
3
Suppose n + 2 = 3*h, -n - 2*h + 24 = 4*n. Suppose n*p - 8 - 60 = 0. What is the remainder when 202 is divided by p?
15
Let g be (-28)/(-8)*-2 - 0. Let z(s) = -s**2 - 6*s + 6. Let n be z(-4). Let o = n - g. What is the remainder when o is divided by 6?
3
Calculate the remainder when 928/6*(-102)/(-68) is divided by 28.
8
Suppose 0 = -5*k + 2*g + 28, -2*g - 2 = 3*k - 6. Suppose -d + 42 = 4*z + 15, k*z + 6 = 2*d. What is the remainder when 977 is divided by d?
9
Let k(d) = -d**2 + 16*d - 8. Let x(t) = -t**2 + 15*t + 6. Let s be x(13). Suppose s = -7*i + 424. Calculate the remainder when i is divided by k(14).
16
Let z(p) = -1233*p**3 + 3*p**2 - p - 2. Calculate the remainder when z(-1) is divided by 138.
131
Let a = -17886 - -17891. Let c be 2 - -2*(-2)/(-4). Suppose 3*q + c = 21. What is the remainder when q is divided by a?
1
Let l(p) = 670*p + 2. Let d be l(-6). Let t = d + 2593. What is the remainder when 45 is divided by t/(-90) - (-2)/12?
13
Let k = -26 - -41. Suppose -3*j + k = -6*j. Let w(a) = -3*a - 1. What is the remainder when 26 is divided by w(j)?
12
Suppose 129*o - 116*o - 572 = 0. Calculate the remainder when 7435 is divided by o.
43
Let h(t) = -6*t - 54. Let w be h(-17). Let x = -19 + w. What is the remainder when x is divided by 9?
2
Suppose 129*m - 52*m = 4928. Calculate the remainder when 249 is divided by m.
57
Suppose 67 = 5*u - 2*s, 2*u = -0*u - s + 25. Suppose 5 = 9*a - u. Suppose -92 = a*x - 330. Calculate the remainder when x is divided by 30.
29
Let d(s) = -2*s**3 + 7*s**2 - 7*s + 4. Let l be d(4). Suppose 23*q + 16*q + 38 = -40. Let f = q - l. What is the remainder when f is divided by 13?
12
Suppose 4*z - 12 = -0*z. Suppose -3*t - 40 = -52. Suppose -i + t*n - 14 = i, -4*i - 4*n = -20. What is the remainder when z is divided by i?
0
Calculate the remainder when 33989 is divided by (-16317)/(-99) + 38/209.
164
Let r = -325 - -330. Suppose 0*i - 75 = -r*i. Suppose f + 2*f - 219 = 0. Calculate the remainder when f is divided by i.
13
Let j = 10149 - 9998. Calculate the remainder when 664 is divided by j.
60
Let o(r) = 47*r - 18. Let g be o(-9). Let a = g - -455. Calculate the remainder when 95 is divided by a.
11
Suppose 3*j + 3 - 18 = 0. Suppose o = j*c - o - 185, -5*o = 2*c - 45. Calculate the remainder when 138 is divided by c.
33
Let b(i) be the first derivative of 5*i**4 - 2*i**3/3 + i**2/2 + 2*i - 5. Let h be b(-1). Calculate the remainder when 11 is divided by ((-30)/(-35))/((-3)/h).
5
Let w(s) = -13*s - 73. Let b be (-13 - (13 - 23)) + -3 + 0. What is the remainder when 204 is divided by w(b)?
4
Let j(c) = -c**2 + 10*c - 20. Let i be j(9). Let r = i - -47. Suppose s = 24 + 118. Calculate the remainder when s is divided by r.
34
Let u = 182 - 180. Suppose 0 = u*v + 184 - 416. What is the remainder when v is divided by 43?
30
Let x = 163 + -252. Let w = 104 + x. Suppose -4*l - f + w = 0, 3*l = 6*f - 2*f + 16. What is the remainder when 9 is divided by l?
1
Suppose 1 + 9 = -2*p - 2*f, 5*p + 25 = 4*f. Let y(l) = 0*l + 5914 - 5925 + l**3 - 13*l**2 - 7*l + 18*l**2. What is the remainder when 90 is divided by y(p)?
18
Suppose 199*q = 20*q - 74*q + 138897. What is the remainder when q is divided by 17?
5
Let p = -30375 - -31307. Calculate the remainder when p is divided by 916.
16
What is the remainder when 1222 is divided by (-2)/(-108)*3 - 64420/(-360)?
148
Suppose -15235 = -30393*c + 30338*c. What is the remainder when c is divided by (-4)/14 + 984/14?
67
Let f(g) be the first derivative of 3*g**2 + 89*g - 17. Let n(y) = y + 4. What is the remainder when f(-14) is divided by n(0)?
1
Suppose -2 = -a